 factors of m.
29, 37
Let r(o) = o - 5. Let p(d) = -2*d + 11. Let h(j) = 4*p(j) + 7*r(j). Let k be h(6). What are the prime factors of k/(-2)*(-7 - (-840)/(-8))?
2, 3, 7
Suppose 4*q = -4*d - 396, 4*q - 2*q + 504 = -5*d. Let m = -100 - d. Suppose -w + m*t = 2, 0*t + 7 = 4*w - 5*t. List the prime factors of w.
2
Let q = -268 + 292. What are the prime factors of 698 + -3*(-32)/q?
2, 3, 13
Let t be -11 - 33756/(-51) - 2/(-17). Suppose -5*o + 421 = c - t, c - 3*o - 1040 = 0. List the prime factors of c.
2, 263
Let k = 2004 - -3618. List the prime factors of k.
2, 3, 937
Let o = 9614 - -1710. List the prime factors of o.
2, 19, 149
Suppose 5*s + 2 + 3 = 0. Let j be 3/8 + (-205)/(-40)*-3. What are the prime factors of (s*228/j)/(4/10)?
2, 19
Suppose -r + 63359 = -2*i, 44*r = 42*r - 2*i + 126664. List the prime factors of r.
97, 653
Let q = -7 - -5. Let v be (-4 - 4452/(-18))/(q/(-3)). Suppose -5*y + 365 = -t, -5*y - t = -0*t - v. List the prime factors of y.
73
Suppose -18*i - 63062 = -4*v - 20*i, -3*i = 4*v - 63063. List the prime factors of v.
3, 5, 1051
Let w(x) = x**3 + 53*x**2 + 97*x + 2046. What are the prime factors of w(-48)?
2, 3, 5, 11
Let v = 1220 + -84. List the prime factors of v.
2, 71
Let f be (-1)/(((-4)/(-2))/8). Let l be 20/f + 3 + -2. Let s(o) = 11*o**2 - 21. What are the prime factors of s(l)?
5, 31
Suppose -3*h + 802 + 1110 = d, -2*h + 1260 = -3*d. Let q be 1/(-5) - (-2 - h/(-20)). What are the prime factors of ((-28)/(-10))/((-93)/q + -3)?
2, 7
Let t = 17464 - -21747. List the prime factors of t.
113, 347
Let a = 44364 + -30873. List the prime factors of a.
3, 1499
Suppose 64 = -14*f + 6*f. Let m(o) = -o**2 - 8*o - 4. Let j be m(f). List the prime factors of (4/16)/(j/(-464)).
29
Suppose -4*f - 4515 + 22975 = 0. Suppose -f = -17*n + 1267. List the prime factors of n.
2, 173
Suppose -66*v + 4*z = -63*v - 39120, -z + 65154 = 5*v. List the prime factors of v.
2, 3, 181
Let y = -328 + 835. Suppose 0 = 161*d - 164*d + y. List the prime factors of d.
13
Let j = -6524 - -9144. List the prime factors of j.
2, 5, 131
Let k = -586 + 1097. Suppose -6*w + 2*w + 1013 = -h, -2*w + 5*h + k = 0. What are the prime factors of w?
11, 23
Let y(u) = 120*u**2 + 36*u + 8. What are the prime factors of y(8)?
2, 997
Let v = 6 + -57. What are the prime factors of 6/v - 35208/(-153)?
2, 5, 23
List the prime factors of 2925 + (3/(-6))/((-12)/24).
2, 7, 11, 19
Let u(j) = -j**2 - 9*j - 10*j + 4*j**2 - 938 + 908 - j**3 - j**2. What are the prime factors of u(-8)?
2, 3, 127
Let a = -166 + 166. Suppose 2*p - x = 1196, 4*p + 2*x + a*x - 2400 = 0. What are the prime factors of p?
599
Let v(z) = 9*z**3 - 2*z**2 - 49*z + 317. List the prime factors of v(12).
11, 29, 47
Let k be 5*-1 + -30*2/(-12). What are the prime factors of (-48)/(-10)*(k - 3135/(-22))?
2, 3, 19
Let a be (-434)/21*(-15)/(-10). Let o(h) = 2*h**3 + 60*h**2 - 70*h - 20. What are the prime factors of o(a)?
2, 3, 19
Suppose 0 = -a - 5*a - 1116. Suppose -6*v + 15*v - 36 = 0. List the prime factors of v/(-10) + a/(-15).
2, 3
Let o(i) = 2*i**3 + 41*i**2 + 5*i + 26. What are the prime factors of o(-17)?
2, 491
Let a(h) = -h + 5. Let q be a(8). Let d be (-422)/q + 23/69. Suppose r = -2*z + 139, 5*r - 6*r + d = 4*z. List the prime factors of r.
137
Suppose 2*t = -w + 30779, 3*t = -14*w + 22*w + 46102. List the prime factors of t.
2, 7, 157
Let j = 884 - -2874. Suppose 7*h - 3*h = -3*n + 2252, j = 5*n + 2*h. What are the prime factors of n?
2, 47
Suppose 46975 - 231428 = -6*g + 25709. What are the prime factors of g?
35027
List the prime factors of (-5291 + 3)*((-70)/(-40))/(-7).
2, 661
List the prime factors of (90/96*(-4)/3)/(26/(-324168)).
3, 5, 1039
Let a = -162 - -168. Suppose -a*o + 1419 = -837. What are the prime factors of o?
2, 47
Suppose 0 = -3*k - 0*k + x + 466, 0 = -4*k - 5*x + 596. Let g = 488 - k. List the prime factors of g.
2, 167
Let g = 23519 + -14049. List the prime factors of g.
2, 5, 947
Let g(y) = 11*y**2 + 7*y - 47. Let b(h) = h**2 - h - 2. Let l(k) = -6*b(k) + g(k). List the prime factors of l(8).
389
Suppose -3*t = 69*b - 70*b - 199, -5*b - 1049 = 3*t. Let j = b + 949. List the prime factors of j.
3, 13, 19
Let u(k) = k**2 + 5*k. Let s be u(-4). Let p be -1 - s - (1 - -10). Let y = p + 175. What are the prime factors of y?
167
Let o(j) = j**2 + 3*j + 1. Let r be o(-1). Let k(v) = -788*v**3 - 3*v**2 - 2*v. Let n be k(r). Suppose -4*h + n = -13. List the prime factors of h.
2, 5
Suppose 0 = -20*a - 10*a + 588859 - 162679. What are the prime factors of a?
2, 7103
Let c(o) = -5261*o**3 - o**2 + 4*o + 2. List the prime factors of c(-1).
2, 11, 239
Let h be (32/80)/(0 + 2/300). Let z be -6 + h/8 - 7/(-2). Suppose -2*r + 558 = z*v, 296 = 4*v + 4*r - 148. List the prime factors of v.
2, 7
Let t = -13911 - -20554. List the prime factors of t.
7, 13, 73
Let p(y) = 3*y + 209. Let f be 2/8 + 17/(-68). Suppose i + i = f. List the prime factors of p(i).
11, 19
What are the prime factors of 7/(8/((-7176320)/(-140)))?
2, 11213
Let q(y) = -915*y**3 - 14*y**2 - 47*y - 3. List the prime factors of q(-2).
5, 1471
Let f(c) = c**3 - 5*c**2 - c + 7. Let w be f(5). Suppose -3*q + w*q - 3*s + 505 = 0, 0 = -3*q - 4*s + 1520. List the prime factors of (q/(-8))/((-4)/8*1).
127
Let t be (-8)/(-14) + 300/14. Suppose -x - 5*c = -3 + 2, -5*x - t = -2*c. List the prime factors of (-7)/(21/(-279)) - x.
97
Let i(k) = -k**2 + 6*k - 4. Let w be i(4). Suppose -2*x + 3*h = -450, -2*x - w*h = -0*h - 436. What are the prime factors of 5/(-25) + x/10?
2, 11
Suppose 6*k - 87 + 3 = 0. Let i = k - 0. Let x(b) = b**2 - 12*b + 13. List the prime factors of x(i).
41
Let r(w) = 25*w**2 - 12*w + 31. Let g be r(-8). Suppose 3*x - 424 - 874 = -5*d, 3*d - g = -4*x. What are the prime factors of x?
431
Suppose 1035 = 16*j + 3915. Let b = j - -728. What are the prime factors of b?
2, 137
Suppose -2*q = -4*f + 198, f + 5*q - 17 - 27 = 0. Suppose 0 = f*k - 48*k - 650. What are the prime factors of k?
2, 5, 13
Let o = -7241 - -15753. Suppose -21*a + 26026 = o. Suppose -4*s = p + 255 - a, 434 = 3*s + p. What are the prime factors of s?
5, 29
Suppose -4*h + 9*h = 5*c - 1610, 3*h + 1284 = 4*c. Let n = 208 + c. List the prime factors of n.
2, 263
Let p be 238/51 + (-4)/6 + -19. Let q be ((-6)/(-2))/3 - 205. List the prime factors of (q/p)/((32/100)/4).
2, 5, 17
Let l = -6500 - -11986. What are the prime factors of l?
2, 13, 211
List the prime factors of (0 - 4/(-7)) + (-152028)/(-21).
2, 5, 181
List the prime factors of (-6479)/((-6)/4*(-6)/(-9)).
11, 19, 31
Suppose 122*m + 5*t = 125*m - 15966, -m - t + 5322 = 0. What are the prime factors of m?
2, 3, 887
Suppose 0 = 51*j - 48*j - 15. Suppose -j*c + 1705 + 1010 = 0. List the prime factors of c.
3, 181
Let d(k) = -7*k + 1. Let p be d(5). Let i = p - -14. Let z = i - -72. What are the prime factors of z?
2, 13
Let q(u) = -u**3 - 2*u**2 - u - 7. Let w be q(-3). Suppose -2*t = -3 + w. Let h = 26 - t. What are the prime factors of h?
3
Let c(g) = g + 193. Let i be c(0). Suppose 3*n - 1 = 5. Suppose o = -5*x + 315 + n, -3*x - 2*o = -i. What are the prime factors of x?
3, 7
Let z(k) = -165*k**3 - 12*k**2 + 58*k + 522. List the prime factors of z(-7).
56123
Let l(x) = -9*x - 3. Let n be 5/((-70)/(-4)) - (-48)/28. Suppose n*r = -1 - 23. What are the prime factors of l(r)?
3, 5, 7
Let k be ((-2010)/(-54) - 2/9)*112. Suppose -3*z = -5*o - 4172, 3*z + 0*o + 2*o = k. Suppose z + 1814 = 13*j. List the prime factors of j.
2, 3, 41
Suppose 15*s = h + 16*s + 2, -4*s - 6 = 2*h. Let q be (1/(-2))/(2/28). List the prime factors of 79 + 4/((h - q)/(-3)).
7, 11
Let m(t) = t**3 - 17*t**2 + 16*t + 38. What are the prime factors of m(25)?
2, 2719
Suppose -p - 9 = -13. Suppose 7*z - 5*z = -4*i + 544, 5*z - 1304 = p*i. Suppose -3*u - 2*u + 15 = 0, -2*u - z = -2*c. What are the prime factors of c?
3, 5
Suppose -t = v + 3*t - 20, 2 = v - 5*t. Suppose 5*p - v - 3 = 0. Suppose d - 6*d = p*r - 356, 5*r - 564 = -d. What are the prime factors of r?
2, 7
Let s(q) = 2*q**3 + 7*q**2 - 7*q - 10. Let x be s(-4). Suppose 0*t - 4*j = -x*t, 2*t + 14 = -3*j. Let c(r) = 8*r**2 - 2. What are the prime factors of c(t)?
2, 3, 7
Suppose -4*q - 8 = -0. What are the prime factors of ((-456)/38)/(q/155)?
2, 3, 5, 31
List the prime factor